{"id":144,"date":"2022-09-25T16:14:54","date_gmt":"2022-09-25T16:14:54","guid":{"rendered":"http:\/\/www.sudamericaenergy.com.ar\/?page_id=144"},"modified":"2022-09-27T13:13:53","modified_gmt":"2022-09-27T13:13:53","slug":"cruce-de-arroyo-belgrano","status":"publish","type":"page","link":"https:\/\/www.sudamericaenergy.com.ar\/?page_id=144","title":{"rendered":"Cruce de Arroyo Belgrano"},"content":{"rendered":"<div data-colibri-id=\"144-c1\" class=\"style-245 style-local-144-c1 position-relative\">\n  <!---->\n  <div data-colibri-component=\"section\" data-colibri-id=\"144-c2\" id=\"custom\" class=\"h-section h-section-global-spacing d-flex align-items-lg-center align-items-md-center align-items-center style-288 style-local-144-c2 position-relative\">\n    <!---->\n    <!---->\n    <div class=\"h-section-grid-container h-section-fluid-container\">\n      <!---->\n      <div data-colibri-id=\"144-c3\" class=\"h-row-container gutters-row-lg-2 gutters-row-md-2 gutters-row-0 gutters-row-v-lg-2 gutters-row-v-md-2 gutters-row-v-2 style-289 style-local-144-c3 position-relative\">\n        <!---->\n        <div class=\"h-row justify-content-lg-center justify-content-md-center justify-content-center align-items-lg-stretch align-items-md-stretch align-items-stretch gutters-col-lg-2 gutters-col-md-2 gutters-col-0 gutters-col-v-lg-2 gutters-col-v-md-2 gutters-col-v-2\">\n          <!---->\n          <div class=\"h-column h-column-container d-flex h-col-lg-auto h-col-md-auto h-col-auto style-290-outer style-local-144-c4-outer\">\n            <div data-colibri-id=\"144-c4\" class=\"d-flex h-flex-basis h-column__inner h-px-lg-2 h-px-md-2 h-px-2 v-inner-lg-2 v-inner-md-2 v-inner-2 style-290 style-local-144-c4 position-relative\">\n              <!---->\n              <!---->\n              <div class=\"w-100 h-y-container h-column__content h-column__v-align flex-basis-100 align-self-lg-start align-self-md-start align-self-start\">\n                <!---->\n                <div data-colibri-id=\"144-c5\" class=\"h-lead h-text h-text-component style-292 style-local-144-c5 position-relative h-element\">\n                  <!---->\n                  <!---->\n                  <div class=\"\">\n                    <p>Cruce de Arroyo Belgrano:<\/p>\n                    <p>A\u00f1o 2018\u2013 Cruce de Arroyo con 3 ductos de acero de 8\u201d y 6\u201d en paralelo\u2013 Utilizaci\u00f3n de 3 excavadoras tipo CAT 320 para las tareas de bajada de los ductos en forma simult\u00e1nea con carros de bajada\u2013 Movimiento de suelo\u2013 Soldadura de l\u00edneas\u2013\n                      Construcci\u00f3n de cama de piedras\u2013 construcci\u00f3n de gaviones de contenci\u00f3n de arroyo\u2013 intervenci\u00f3n de entrada y salida de los ductos\u2013 Tiende tubos\u2013 Montaje de cuadros de maniobra\u2013 Retiro de ductos fuera de servicio.<\/p>\n                    <p>Recursos usados: Equipos viales para excavaci\u00f3n e izaje- Hidrogr\u00faas, Veh\u00edculos pesados- Veh\u00edculos livianos. personal especializado para las maniobras, cuadrillas de piping, Cuadrillas de soldadura, cuadrillas de tareas generales, Supervisores\n                      multiespecialidad, supervisores de calidad, supervisores de Seguridad Laboral.<\/p>\n                    <p>\n                      <br>\n                    <\/p>\n                  <\/div>\n                <\/div>\n              <\/div>\n            <\/div>\n          <\/div>\n          <div class=\"h-column h-column-container d-flex h-col-lg-auto h-col-md-auto h-col-auto style-291-outer style-local-144-c6-outer\">\n            <div data-colibri-id=\"144-c6\" class=\"d-flex h-flex-basis h-column__inner h-px-lg-2 h-px-md-2 h-px-2 v-inner-lg-2 v-inner-md-2 v-inner-2 style-291 style-local-144-c6 position-relative\">\n              <!---->\n              <!---->\n              <div class=\"w-100 h-y-container h-column__content h-column__v-align flex-basis-100 align-self-lg-start align-self-md-start align-self-start\">\n                <!---->\n                <div data-colibri-id=\"144-c7\" class=\"d-block style-293 style-local-144-c7 position-relative h-element\">\n                  <!---->\n                  <div class=\"h-image__frame-container-outer\">\n                    <div class=\"h-image__frame-container\">\n                      <!---->\n                      <!---->\n                      <img loading=\"lazy\" width=\"1544\" height=\"1544\" src=\"http:\/\/www.sudamericaenergy.com.ar\/wp-content\/uploads\/2022\/09\/cropped-WhatsApp-Image-2022-09-19-at-8.06.40-PM-1.jpeg\" class=\"wp-image-491 style-293-image style-local-144-c7-image\" srcset=\"https:\/\/www.sudamericaenergy.com.ar\/wp-content\/uploads\/2022\/09\/cropped-WhatsApp-Image-2022-09-19-at-8.06.40-PM-1.jpeg 1544w, https:\/\/www.sudamericaenergy.com.ar\/wp-content\/uploads\/2022\/09\/cropped-WhatsApp-Image-2022-09-19-at-8.06.40-PM-1-300x300.jpeg 300w, https:\/\/www.sudamericaenergy.com.ar\/wp-content\/uploads\/2022\/09\/cropped-WhatsApp-Image-2022-09-19-at-8.06.40-PM-1-1024x1024.jpeg 1024w, https:\/\/www.sudamericaenergy.com.ar\/wp-content\/uploads\/2022\/09\/cropped-WhatsApp-Image-2022-09-19-at-8.06.40-PM-1-150x150.jpeg 150w, https:\/\/www.sudamericaenergy.com.ar\/wp-content\/uploads\/2022\/09\/cropped-WhatsApp-Image-2022-09-19-at-8.06.40-PM-1-768x768.jpeg 768w, https:\/\/www.sudamericaenergy.com.ar\/wp-content\/uploads\/2022\/09\/cropped-WhatsApp-Image-2022-09-19-at-8.06.40-PM-1-1536x1536.jpeg 1536w\" sizes=\"(max-width: 1544px) 100vw, 1544px\" alt=\"\" \/>\n                      <div class=\"h-image__frame h-hide-lg h-hide-md h-hide-sm style-293-frameImage style-local-144-c7-frameImage\"><\/div>\n                    <\/div>\n                  <\/div>\n                <\/div>\n              <\/div>\n            <\/div>\n          <\/div>\n        <\/div>\n      <\/div>\n    <\/div>\n  <\/div>\n<\/div>","protected":false},"excerpt":{"rendered":"<p>Cruce de Arroyo Belgrano: A\u00f1o 2018\u2013 Cruce de Arroyo con 3 ductos de acero de 8\u201d y 6\u201d en paralelo\u2013 Utilizaci\u00f3n de 3 excavadoras tipo CAT 320 para las tareas de bajada de los ductos en forma simult\u00e1nea con carros de bajada\u2013 Movimiento de suelo\u2013 Soldadura de l\u00edneas\u2013 Construcci\u00f3n de cama de piedras\u2013 construcci\u00f3n de [&hellip;]<\/p>\n","protected":false},"author":1,"featured_media":0,"parent":0,"menu_order":0,"comment_status":"closed","ping_status":"closed","template":"page-templates\/full-width-page.php","meta":[],"_links":{"self":[{"href":"https:\/\/www.sudamericaenergy.com.ar\/index.php?rest_route=\/wp\/v2\/pages\/144"}],"collection":[{"href":"https:\/\/www.sudamericaenergy.com.ar\/index.php?rest_route=\/wp\/v2\/pages"}],"about":[{"href":"https:\/\/www.sudamericaenergy.com.ar\/index.php?rest_route=\/wp\/v2\/types\/page"}],"author":[{"embeddable":true,"href":"https:\/\/www.sudamericaenergy.com.ar\/index.php?rest_route=\/wp\/v2\/users\/1"}],"replies":[{"embeddable":true,"href":"https:\/\/www.sudamericaenergy.com.ar\/index.php?rest_route=%2Fwp%2Fv2%2Fcomments&post=144"}],"version-history":[{"count":12,"href":"https:\/\/www.sudamericaenergy.com.ar\/index.php?rest_route=\/wp\/v2\/pages\/144\/revisions"}],"predecessor-version":[{"id":908,"href":"https:\/\/www.sudamericaenergy.com.ar\/index.php?rest_route=\/wp\/v2\/pages\/144\/revisions\/908"}],"wp:attachment":[{"href":"https:\/\/www.sudamericaenergy.com.ar\/index.php?rest_route=%2Fwp%2Fv2%2Fmedia&parent=144"}],"curies":[{"name":"wp","href":"https:\/\/api.w.org\/{rel}","templated":true}]}}